{"id":101,"date":"2021-04-13T09:11:26","date_gmt":"2021-04-13T07:11:26","guid":{"rendered":"https:\/\/lidovaremesla.cz\/web\/?page_id=101"},"modified":"2021-04-13T09:11:26","modified_gmt":"2021-04-13T07:11:26","slug":"rakousko","status":"publish","type":"page","link":"https:\/\/lidovaremesla.cz\/web\/evropska-federace-remesel\/rakousko\/","title":{"rendered":"Rakousko"},"content":{"rendered":"\n<figure class=\"wp-block-image\"><img decoding=\"async\" src=\"https:\/\/www.lidovaremesla.cz\/images\/austria.gif\" alt=\"Rakousko\"\/><\/figure>\n\n\n\n<p>Rakousk\u00e9 heimatwerke jsou region\u00e1ln\u00ed neziskov\u00e9 organizace se \u010dtrn\u00e1cti obchody a galeriemi, \u0161esti krej\u010dovstv\u00edmi a t\u0159emi centry po\u0159\u00e1daj\u00edc\u00edmi kurzy vy\u0161\u00edv\u00e1n\u00ed a h\u00e1\u010dkov\u00e1n\u00ed. S&nbsp;ohledem na vlastn\u00ed region co se t\u00fd\u010de \u017eivotn\u00edho stylu, obl\u00e9k\u00e1n\u00ed, pr\u00e1ce, stolov\u00e1n\u00ed atd. vytv\u00e1\u0159ej\u00ed design \u0159emesln\u00fdch d\u011bl, organizuj\u00ed kulturn\u00ed akce, v\u00fdstavy a uk\u00e1zky kroj\u016f, vyd\u00e1vaj\u00ed publikace zab\u00fdvaj\u00edc\u00ed se kroji, v\u00fd\u0161ivkami a lidovou hudbou.<\/p>\n\n\n\n<p>D\u00e1le tato str\u00e1nka obsahuje adresu, telefon, fax, e-mail a adresu ofici\u00e1ln\u00edch str\u00e1nek \u00d6sterreichisches heimatwerk, kter\u00e1 se d\u011bl\u00ed na n\u00ed\u017ee uveden\u00fdch \u0161est region\u00e1ln\u00edch pobo\u010dek.<\/p>\n\n\n\n<figure class=\"wp-block-table\"><table><tbody><tr><th>adresa:<\/th><td>Kuratorium \u00d6sterreichisches heimatwerka &#8211; 4020 LinzB\u00fcrgerstrasse 1<\/td><\/tr><tr><th>Telefon:<\/th><td>0043 732 773376<\/td><\/tr><tr><th>Fax:<\/th><td>0043 732 784562<\/td><\/tr><tr><th>WWW:<\/th><td><a href=\"http:\/\/www.heimatwerk.at\/\" target=\"_blank\" rel=\"noreferrer noopener\">www.heimatwerk.at<\/a><\/td><\/tr><tr><th>Email:<\/th><td><a href=\"mailto:kuratorium@heimatwerk.at\">kuratorium@heimatwerk.at<\/a><\/td><\/tr><tr><th>Email:<\/th><td><a href=\"mailto:kellner@heimatwerk.at\">kellner@heimatwerk.at<\/a><\/td><\/tr><\/tbody><\/table><\/figure>\n\n\n\n<h2 class=\"wp-block-heading\">Region\u00e1ln\u00ed organizace<\/h2>\n\n\n\n<p><strong>Steirisches heimatwerk<\/strong>8010 Graz, herrengasse 10, Paulustorg. 4, Tel. +43&nbsp;316&nbsp;827&nbsp;106<br><strong>K\u00e4rntner heimatwerk<\/strong>9020 Klagenfurt, herrengasse 2 a 12, Tel. +43&nbsp;463 555759500 Villach, Widmanngasse 38, 9800 Spittal, br\u00fcckenstrasse 109400 Wolfsberg, Johann-Offnerstrasse 21<br><strong>Ober\u00f6sterreichisches heimatwerk<\/strong>4020 Linz, Landstrasse 31 a B\u00fcrgerstrasse 1, Tel. +43&nbsp;732 7733764820 Bad Ischl, Kreuzplatz 17, Tel. +43 6132 26535<br><strong>Salzburger heimatwerk<\/strong>5020 Salzburg, Residenzplatz 9, Tel. +43&nbsp;662 8441105700 Zell am See, auersperstrasse 12<br><strong>Tiroler heimatwerk<\/strong>6020 Innsbruck, Meranerstrasse 2 &#8211; 4, Tel. +43&nbsp;512 582320<br><strong>Vorarlberger heimatwerk<\/strong>6900 bregenz, Montfortstrasse 4, Tel. +43 5574 42325<\/p>\n\n\n\n<h2 class=\"wp-block-heading\">Ofici\u00e1ln\u00ed str\u00e1nky \u00d6sterreichisches heimatwerk<\/h2>\n\n\n\n<p>adresa t\u011bchto str\u00e1nek je www.heimatwerk.at . Jsou pouze v&nbsp;n\u011bm\u010din\u011b a pokud ozna\u010d\u00edme v&nbsp;panelu odkaz heimatwerke, nalezneme zde odkazy na jednotliv\u00e9 region\u00e1ln\u00ed pobo\u010dky t\u00e9to organizace. K&nbsp;nejv\u00fdznamn\u011bj\u0161\u00edm pat\u0159\u00ed salzburgsk\u00e1.<\/p>\n\n\n\n<p><strong>Salzburger heimatwerk<\/strong><\/p>\n\n\n\n<p>Na domovsk\u00e9 str\u00e1nce www.sbg.heimatwerk.at se objev\u00ed n\u011bkolik odkaz\u016f:<\/p>\n\n\n\n<p><strong>Novinky<\/strong><\/p>\n\n\n\n<p>Srde\u010dn\u011b v\u00edtejte na domovsk\u00e9 str\u00e1nce Salzburger heimatwerk. Ud\u011blejte si p\u0159edstavu o na\u0161ich aktivit\u00e1ch, c\u00edlech a nav\u0161tivte jedno z&nbsp;na\u0161ich \u010dast\u00fdch setk\u00e1n\u00ed. D\u00e1le obsahuje stru\u010dn\u00e9 informace a odkazy na nejnov\u011bj\u0161\u00ed v\u00fdrobky \u010di v\u00fdstavy a setk\u00e1n\u00ed.<\/p>\n\n\n\n<p><strong>O n\u00e1s<\/strong><\/p>\n\n\n\n<p>Salzburger heimatwerk Je registrovan\u00e1 spole\u010dnost s&nbsp;ru\u010den\u00edm omezen\u00fdm. Ro\u010dn\u00ed zisky se vyu\u017e\u00edvaj\u00ed k&nbsp;napl\u0148ov\u00e1n\u00ed kulturn\u00edch \u00fakol\u016f, co\u017e z&nbsp;n\u00ed \u010din\u00ed neziskovou organizaci. D\u00e1le uv\u00e1d\u00ed informace o funkcion\u00e1\u0159\u00edch organizace<\/p>\n\n\n\n<p><strong>Obchod<\/strong><\/p>\n\n\n\n<p>Tato str\u00e1nka obsahuje fotku a stru\u010dnou reklamu na aktu\u00e1ln\u00ed v\u00fdrobek a odkaz na objedn\u00e1vku po internetu.<\/p>\n\n\n\n<p><strong>tracht<\/strong><\/p>\n\n\n\n<p>Uv\u00e1d\u00ed v\u00fdta\u017eky z&nbsp;publikovan\u00fdch text\u016f a obr\u00e1zky t\u00fdkaj\u00edc\u00ed se kroj\u016f a jejich n\u00e1podob. U ka\u017ed\u00e9 fotky s&nbsp;kr\u00e1tk\u00fdm textem je i odkaz na podrobn\u011bj\u0161\u00ed informace.<\/p>\n\n\n\n<p><strong>Kontakt<\/strong><\/p>\n\n\n\n<figure class=\"wp-block-table\"><table><tbody><tr><th>adresa:<\/th><td>Salzburger heimatwerkResidenzplatz 9P.O. Box 265a-5010 Salzburg<\/td><\/tr><tr><th>Telefon:<\/th><td>+43 (0)662 844 110<\/td><\/tr><tr><th>Fax:<\/th><td>+43 (0)662 844 575<\/td><\/tr><tr><th>Email:<\/th><td><a href=\"mailto:sbg@heimatwerk.at\">sbg@heimatwerk.at<\/a><\/td><\/tr><tr><th>adresa:<\/th><td>Salzburger heimatwerkauerspergstr. 12a &#8211; 5700 Zell am See<\/td><\/tr><tr><th>Telefon:<\/th><td>+43 (0)6542 72796<\/td><\/tr><tr><th>Fax:<\/th><td>+43 (0)6542 72796<\/td><\/tr><\/tbody><\/table><\/figure>\n\n\n\n<p><strong>N\u00e1vazn\u00e9 organizace<\/strong><\/p>\n\n\n\n<p>Uv\u00e1d\u00ed v\u00fd\u010det organizac\u00ed tematicky navazuj\u00edc\u00edch a spolupracuj\u00edc\u00edch se Salzburger heimatwerk.<\/p>\n","protected":false},"excerpt":{"rendered":"<p>Rakousk\u00e9 heimatwerke jsou region\u00e1ln\u00ed neziskov\u00e9 organizace se \u010dtrn\u00e1cti obchody a galeriemi, \u0161esti krej\u010dovstv\u00edmi a t\u0159emi centry po\u0159\u00e1daj\u00edc\u00edmi kurzy vy\u0161\u00edv\u00e1n\u00ed a h\u00e1\u010dkov\u00e1n\u00ed. S&nbsp;ohledem na vlastn\u00ed region &hellip; <\/p>\n","protected":false},"author":1,"featured_media":0,"parent":18,"menu_order":0,"comment_status":"closed","ping_status":"closed","template":"","meta":{"footnotes":""},"class_list":["post-101","page","type-page","status-publish","hentry"],"_links":{"self":[{"href":"https:\/\/lidovaremesla.cz\/web\/wp-json\/wp\/v2\/pages\/101","targetHints":{"allow":["GET"]}}],"collection":[{"href":"https:\/\/lidovaremesla.cz\/web\/wp-json\/wp\/v2\/pages"}],"about":[{"href":"https:\/\/lidovaremesla.cz\/web\/wp-json\/wp\/v2\/types\/page"}],"author":[{"embeddable":true,"href":"https:\/\/lidovaremesla.cz\/web\/wp-json\/wp\/v2\/users\/1"}],"replies":[{"embeddable":true,"href":"https:\/\/lidovaremesla.cz\/web\/wp-json\/wp\/v2\/comments?post=101"}],"version-history":[{"count":1,"href":"https:\/\/lidovaremesla.cz\/web\/wp-json\/wp\/v2\/pages\/101\/revisions"}],"predecessor-version":[{"id":102,"href":"https:\/\/lidovaremesla.cz\/web\/wp-json\/wp\/v2\/pages\/101\/revisions\/102"}],"up":[{"embeddable":true,"href":"https:\/\/lidovaremesla.cz\/web\/wp-json\/wp\/v2\/pages\/18"}],"wp:attachment":[{"href":"https:\/\/lidovaremesla.cz\/web\/wp-json\/wp\/v2\/media?parent=101"}],"curies":[{"name":"wp","href":"https:\/\/api.w.org\/{rel}","templated":true}]}}