{"id":105,"date":"2021-04-13T09:12:40","date_gmt":"2021-04-13T07:12:40","guid":{"rendered":"https:\/\/lidovaremesla.cz\/web\/?page_id=105"},"modified":"2021-04-13T09:12:40","modified_gmt":"2021-04-13T07:12:40","slug":"slovensko-historie-2","status":"publish","type":"page","link":"https:\/\/lidovaremesla.cz\/web\/evropska-federace-remesel\/slovensko-historie-2\/","title":{"rendered":"Slovensko &#8211; historie"},"content":{"rendered":"\n<figure class=\"wp-block-image is-resized\"><img loading=\"lazy\" decoding=\"async\" src=\"https:\/\/www.lidovaremesla.cz\/images\/Slovakia.gif\" alt=\"Slovensko\" width=\"198\" height=\"132\"\/><\/figure>\n\n\n\n<p><strong>\u00da\u013dUV<\/strong><\/p>\n\n\n\n<ul class=\"wp-block-list\"><li>spolupracuje se slovensk\u00fdmi \u0159emesln\u00edky<\/li><li>propaguje nov\u00fd design v\u00fdrobk\u016f<\/li><li>produkty prod\u00e1v\u00e1 ve sv\u00e9 s\u00edti prodejen<\/li><li>prod\u00e1v\u00e1 materi\u00e1ly a pom\u016fcky pro \u0159emesln\u00edky\u00a8<\/li><li>organizuje kurzy tradi\u010dn\u00edho lidov\u00e9ho \u0159emeslnictv\u00ed<\/li><li>vyd\u00e1v\u00e1 \u010dasopis a dal\u0161\u00ed publikace zam\u011b\u0159en\u00e9 na lidov\u00e9 \u0159emeslnictv\u00ed<\/li><\/ul>\n\n\n\n<p><strong>Design Studio \u00da\u013dUV<\/strong><\/p>\n\n\n\n<p>Bratislava, Dobrovicova 13<\/p>\n\n\n\n<figure class=\"wp-block-table\"><table><tbody><tr><th>Adresa:<\/th><td>\u00dastredie \u013eudovej umeleckej v\u00fdrobyObchodn\u00e1 64816 11 BratislavaSlovakia<\/td><\/tr><tr><th>Email:<\/th><td><a href=\"mailto:craft@uluv.sk\">craft@uluv.sk<\/a><\/td><\/tr><tr><th>www:<\/th><td>www.uluv.sk<\/td><\/tr><\/tbody><\/table><\/figure>\n\n\n\n<p><strong>Ofici\u00e1ln\u00ed str\u00e1nky \u00da\u013dUV<\/strong><\/p>\n\n\n\n<p>Na ofici\u00e1ln\u00edch str\u00e1nk\u00e1ch \u00da\u013dUV www.uluv.sk objev\u00edme pom\u011brn\u011b vysp\u011bl\u00e9 str\u00e1nky s&nbsp;celou \u0159adou odkaz\u016f. Slovensk\u00e9 str\u00e1nky se \u0159ad\u00ed sv\u00fdm zpracov\u00e1n\u00edm mezi jedny z&nbsp;nejlep\u0161\u00edch, co se t\u00fd\u010de \u010dlensk\u00fdch zem\u00ed Evropsk\u00e9 federace lidov\u00e9ho um\u011bn\u00ed a \u0159emeslnictv\u00ed.<\/p>\n\n\n\n<p><strong>Novinky<\/strong><\/p>\n\n\n\n<p>Tento odkaz obsahuje n\u011bkolik fotek a aktivn\u00edch hesel, jejich\u017e ozna\u010den\u00edm se dostaneme k&nbsp;bli\u017e\u0161\u00edm informac\u00edm souvisej\u00edc\u00edm s&nbsp;obr\u00e1zkem. V&nbsp;sou\u010dasnosti bychom tam na\u0161li n\u00e1sleduj\u00edc\u00ed hesla: Dny mistr\u016f \u00da\u013dUV, Galerie \u00da\u013dUV, Kruhy na vod\u011b 2004, Podujatia v&nbsp;roce 2004, Design studio \u00da\u013dUV, \u0160kola \u0159emesel a \u010casopis.<\/p>\n\n\n\n<p><strong>\u00da\u013dUV<\/strong><\/p>\n\n\n\n<p>Zde m\u00e1me mo\u017enost se dozv\u011bd\u011bt z\u00e1kladn\u00ed \u00fadaje organizace: S\u00eddlo: Obchodn\u00e1 64, 816 11 Bratislava. Tel.: 02\/5273 1343 &#8211; 5, 5273 1356 www:&nbsp;<a href=\"http:\/\/www.uluv.sk\/\">http:\/\/www.uluv.sk<\/a>&nbsp;e-mail:&nbsp;<a href=\"mailto:craft@uluv.sk\">craft@uluv.sk<\/a>&nbsp;Charakteristika: p\u0159\u00edsp\u011bvkov\u00e1 organizace Ministerstva kultury SR z\u0159\u00edzen\u00e1 z\u00e1konem SNR \u010d. 4\/58 Sb. P\u0159edm\u011bt \u010dinnosti: podpora a dokumentace v\u00fdroby lidov\u011b um\u011bleck\u00fdch v\u00fdrobk\u016f; v\u00fdvoj a design v\u00fdrobk\u016f ve spolupr\u00e1ci s&nbsp;v\u00fdrobci, konzultace pro v\u00fdrobce; prodej lidov\u011b um\u011bleck\u00fdch v\u00fdrobk\u016f a autorsk\u00fdch origin\u00e1l\u016f; prodej \u0159emeslnick\u00fdch pot\u0159eb a materi\u00e1l\u016f, v\u00fdroba kroj\u016f; kurzy; v\u00fdstavy; vydavatelsk\u00e1 \u010dinnost; knihovna; restaura\u010dn\u00ed slu\u017eby; ubytovac\u00ed slu\u017eby.<\/p>\n\n\n\n<p><strong>Sout\u011b\u017e v&nbsp;designu Kruhy na vod\u011b<\/strong><\/p>\n\n\n\n<p>Tento odkaz obsahuje kr\u00e1tk\u00fd text o sout\u011b\u017ei a pododkazy k&nbsp;v\u00fdsledk\u016fm a sout\u011b\u017en\u00edm podm\u00ednk\u00e1m posledn\u00edch ro\u010dn\u00edk\u016f t\u00e9to sout\u011b\u017ee.<\/p>\n\n\n\n<p><strong>Dv\u016fr \u0159emesel<\/strong><\/p>\n\n\n\n<p>Zde se dozv\u00edd\u00e1me o t\u00e9to sou\u010d\u00e1sti \u00da\u013dUV, jej\u00edch jednotliv\u00fdch d\u00edln\u00e1ch, knihovn\u011b, restauraci. Rovn\u011b\u017e zde najdeme odkaz na bli\u017e\u0161\u00ed informace.<\/p>\n\n\n\n<p><strong>\u0160kola \u0159emesel<\/strong><\/p>\n\n\n\n<p>Zde najdeme rozpisy r\u016fzn\u00fdch kurz\u016f po\u0159\u00e1dan\u00fdch \u00da\u013dUV, a to s&nbsp;ohledem na v\u011bk \u00fa\u010dastn\u00edk\u016f a pou\u017e\u00edvan\u00fd materi\u00e1l. Jsou tu uvedeny i rozvrhy, rozsah a cena. Na konci je p\u0159ihla\u0161ovac\u00ed formul\u00e1\u0159.<\/p>\n\n\n\n<p><strong>V\u00fdstavy<\/strong><\/p>\n\n\n\n<p>Zde najdeme v\u017edy fotku s&nbsp;aktivn\u00edm n\u00e1zvem dan\u00e9 akce, po jeho\u017e ozna\u010den\u00ed z\u00edsk\u00e1me dal\u0161\u00ed podrobnosti.<\/p>\n\n\n\n<p><strong>V\u00fdrobci<\/strong><\/p>\n\n\n\n<p>Str\u00e1nka ur\u010den\u00e1 pro lidov\u00e9 \u0159emesln\u00edky, kte\u0159\u00ed tu maj\u00ed mo\u017enost se dozv\u011bd\u011bt, jak prob\u00edh\u00e1 schvalov\u00e1n\u00ed sortimentu, spolupr\u00e1ce s&nbsp;\u00da\u013dUV, o mo\u017enostech konzultace. Na z\u00e1v\u011br je p\u0159ilo\u017een i p\u0159ihla\u0161ovac\u00ed formul\u00e1\u0159.<\/p>\n\n\n\n<p><strong>Obchod<\/strong><\/p>\n\n\n\n<p>Uv\u00e1d\u00ed informace o odbytu v\u00fdrobk\u016f s&nbsp;obchodn\u00ed zna\u010dkou \u00da\u013dUV, informace o posuzov\u00e1n\u00ed v\u00fdrobk\u016f, plus adresy, kontakty, telefony a otev\u00edrac\u00ed dobu jednotliv\u00fdch prodejen nab\u00edzej\u00edc\u00ed zbo\u017e\u00ed \u00da\u013dUV.<\/p>\n\n\n\n<p><strong>Publikace<\/strong><\/p>\n\n\n\n<p>Zde maj\u00ed n\u00e1v\u0161t\u011bvn\u00edci str\u00e1nek mo\u017enost se sezn\u00e1mit s&nbsp;neperiodick\u00fdmi publikacemi (p\u0159\u00edpadn\u011b je i objednat\/zakoupit). U ka\u017ed\u00e9 je fotka tituln\u00ed strany, autor, rok vyd\u00e1n\u00ed a cena.<\/p>\n\n\n\n<p><strong>\u010casopis<\/strong><\/p>\n\n\n\n<p>\u0158emeslo, Um\u011bn\u00ed, Design &#8211; \u010dasopis \u00da\u013dUV. Etnografick\u00fd, um\u011bleckohistorick\u00fd a designersk\u00fd \u010dasopis. Uvedeny jsou odkazy na arch\u00edv star\u0161\u00edch \u010d\u00edsel \u010di z&nbsp;obsahu aktu\u00e1ln\u00edho \u010d\u00edsla, informace o cen\u011b a mo\u017enosti p\u0159edplatn\u00e9ho<\/p>\n\n\n\n<p><strong>Arch\u00edv<\/strong><\/p>\n\n\n\n<p><strong>Informace<\/strong><\/p>\n\n\n\n<p>Obsahuje odkazy na sm\u011brnice, smlouvy, v\u00fdro\u010dn\u00ed spr\u00e1vu a informace o pron\u00e1jmu nemovitost\u00ed.<\/p>\n","protected":false},"excerpt":{"rendered":"<p>\u00da\u013dUV spolupracuje se slovensk\u00fdmi \u0159emesln\u00edky propaguje nov\u00fd design v\u00fdrobk\u016f produkty prod\u00e1v\u00e1 ve sv\u00e9 s\u00edti prodejen prod\u00e1v\u00e1 materi\u00e1ly a pom\u016fcky pro \u0159emesln\u00edky\u00a8 organizuje kurzy tradi\u010dn\u00edho lidov\u00e9ho &hellip; <\/p>\n","protected":false},"author":1,"featured_media":0,"parent":18,"menu_order":0,"comment_status":"closed","ping_status":"closed","template":"","meta":{"footnotes":""},"class_list":["post-105","page","type-page","status-publish","hentry"],"_links":{"self":[{"href":"https:\/\/lidovaremesla.cz\/web\/wp-json\/wp\/v2\/pages\/105","targetHints":{"allow":["GET"]}}],"collection":[{"href":"https:\/\/lidovaremesla.cz\/web\/wp-json\/wp\/v2\/pages"}],"about":[{"href":"https:\/\/lidovaremesla.cz\/web\/wp-json\/wp\/v2\/types\/page"}],"author":[{"embeddable":true,"href":"https:\/\/lidovaremesla.cz\/web\/wp-json\/wp\/v2\/users\/1"}],"replies":[{"embeddable":true,"href":"https:\/\/lidovaremesla.cz\/web\/wp-json\/wp\/v2\/comments?post=105"}],"version-history":[{"count":1,"href":"https:\/\/lidovaremesla.cz\/web\/wp-json\/wp\/v2\/pages\/105\/revisions"}],"predecessor-version":[{"id":106,"href":"https:\/\/lidovaremesla.cz\/web\/wp-json\/wp\/v2\/pages\/105\/revisions\/106"}],"up":[{"embeddable":true,"href":"https:\/\/lidovaremesla.cz\/web\/wp-json\/wp\/v2\/pages\/18"}],"wp:attachment":[{"href":"https:\/\/lidovaremesla.cz\/web\/wp-json\/wp\/v2\/media?parent=105"}],"curies":[{"name":"wp","href":"https:\/\/api.w.org\/{rel}","templated":true}]}}