{"id":32,"date":"2021-04-13T08:37:26","date_gmt":"2021-04-13T06:37:26","guid":{"rendered":"https:\/\/lidovaremesla.cz\/web\/?page_id=32"},"modified":"2021-04-13T08:37:26","modified_gmt":"2021-04-13T06:37:26","slug":"kov","status":"publish","type":"page","link":"https:\/\/lidovaremesla.cz\/web\/bibliografie\/kov\/","title":{"rendered":"Kov"},"content":{"rendered":"\n<p><strong>BENE\u0160, J.<\/strong>: O kov\u00e1\u0159sk\u00e9m zdoben\u00ed voz\u016f ve Vl\u010dnov\u011b. In:&nbsp;<em>Slov\u00e1cko,<\/em>&nbsp;3, 1961, s. 93-96.<\/p>\n\n\n\n<p><strong>\u010cERM\u00c1K, M. &#8211; KR\u00c1L, E.<\/strong>:&nbsp;<em>Kov\u00e1\u0159stv\u00ed a podkov\u00e1\u0159stv\u00ed<\/em>. Praha, St\u00e1tn\u00ed zem\u011bd\u011blsk\u00e9 nakladatelstv\u00ed 1956. 265 s.<\/p>\n\n\n\n<p><strong>FROLEC, I.<\/strong>:&nbsp;<em>Kov\u00e1\u0159stv\u00ed<\/em>&nbsp;: skripta ke stejnojmenn\u00e9 videokazet\u011b. Str\u00e1\u017enice : \u00dastav lidov\u00e9 kultury 2001. 54 s.: obr + videokazeta. (Lidov\u00e1 \u0159emesla a lidov\u00e1 um\u011bleck\u00e1 v\u00fdroba v \u010cesk\u00e9 republice).<\/p>\n\n\n\n<p><strong>FROLEC, I.<\/strong>:&nbsp;<em>Kov\u00e1\u0159stv\u00ed<\/em>. Praha, Grada 2003. 152 s.<\/p>\n\n\n\n<p><strong>HRUB\u00dd, F.<\/strong>: Lidov\u00e1 v\u00fdzdoba kov\u00e1\u0159sk\u00e1 a kol\u00e1\u0159sk\u00e1 na moravsk\u00e9m \u0160tenbersku.&nbsp;<em>\u010cesk\u00fd lid<\/em>, 20, 1911, s. 168-171.<\/p>\n\n\n\n<p><strong>HRUB\u00dd, F.<\/strong>: Lidov\u00e1 v\u00fdzdoba kov\u00e1\u0159sk\u00e1 na moravsk\u00e9m \u0160tenbersku.&nbsp;<em>\u010cesk\u00fd lid<\/em>, 18, 1909, s. 440-441.<\/p>\n\n\n\n<p><strong>JANOTKA, M.<\/strong>: Hodnota a v\u00fdraz vesnick\u00e9ho kov\u00e1\u0159sk\u00e9ho d\u00edla.&nbsp;<em>Um\u011bn\u00ed a \u0159emesla<\/em>, 1969, \u010d. 5, s. 222-227.<\/p>\n\n\n\n<p><strong>L\u016e\u017dEK, B.<\/strong>: Kov\u00e1\u0159i v Lounech v 16. sto.&nbsp;<em>\u010cesk\u00fd lid<\/em>, 49, 1962, \u010d. 5, s. 210-215.<\/p>\n\n\n\n<p><strong>ORSZ\u00c1G-Vraneck\u00fd, J.<\/strong>:&nbsp;<em>Vala\u0161sk\u00e9 kov\u00e1\u0159stv\u00ed<\/em>. Ro\u017enov pod Radho\u0161t\u011bm, Vala\u0161sk\u00e9 muzeum, 1973. 75 s.<\/p>\n\n\n\n<p><strong>PECHOV\u00c1, J.<\/strong>: Kov\u00e1\u0159i v okol\u00ed Brna.&nbsp;<em>Vlastiv\u011bdn\u00fd v\u011bstn\u00edk moravsk\u00fd<\/em>, 39, 1987, s. 30-46.<\/p>\n\n\n\n<p><strong>SEER\u00c1K, G. &#8211; BOHMANN, K.<\/strong>:&nbsp;<em>Um\u011bleck\u00e9 kov\u00e1\u0159stv\u00ed a z\u00e1me\u010dnictv\u00ed<\/em>. Praha, SNTL 1979. 256 s.<\/p>\n\n\n\n<p><strong>VLKOV\u00c1, D.<\/strong>:&nbsp;<em>V\u00fdrobky z kov\u016f v \u010desk\u00fdch zem\u00edch<\/em>. Praha, \u010ces. svaz v\u00fdrobn\u00edch dru\u017estev : V\u00fdzkum. \u00fastav v\u00fdrobn\u00edho dru\u017estevnictv\u00ed, 1985. 142 s.: obr., fot. (Studie o lidov\u00e9 um\u011bleck\u00e9 v\u00fdrob\u011b ; \u010c. 13)<\/p>\n\n\n\n<p><strong>ZUB, G.<\/strong>:&nbsp;<em>Ozdobn\u00e9 kovov\u00e9 ploty a m\u0159\u00ed\u017ee<\/em>. Praha, Grada Publishing 1999. 184 s.<\/p>\n","protected":false},"excerpt":{"rendered":"<p>BENE\u0160, J.: O kov\u00e1\u0159sk\u00e9m zdoben\u00ed voz\u016f ve Vl\u010dnov\u011b. In:&nbsp;Slov\u00e1cko,&nbsp;3, 1961, s. 93-96. \u010cERM\u00c1K, M. &#8211; KR\u00c1L, E.:&nbsp;Kov\u00e1\u0159stv\u00ed a podkov\u00e1\u0159stv\u00ed. Praha, St\u00e1tn\u00ed zem\u011bd\u011blsk\u00e9 nakladatelstv\u00ed 1956. 265 &hellip; <\/p>\n","protected":false},"author":1,"featured_media":0,"parent":22,"menu_order":0,"comment_status":"closed","ping_status":"closed","template":"","meta":{"footnotes":""},"class_list":["post-32","page","type-page","status-publish","hentry"],"_links":{"self":[{"href":"https:\/\/lidovaremesla.cz\/web\/wp-json\/wp\/v2\/pages\/32","targetHints":{"allow":["GET"]}}],"collection":[{"href":"https:\/\/lidovaremesla.cz\/web\/wp-json\/wp\/v2\/pages"}],"about":[{"href":"https:\/\/lidovaremesla.cz\/web\/wp-json\/wp\/v2\/types\/page"}],"author":[{"embeddable":true,"href":"https:\/\/lidovaremesla.cz\/web\/wp-json\/wp\/v2\/users\/1"}],"replies":[{"embeddable":true,"href":"https:\/\/lidovaremesla.cz\/web\/wp-json\/wp\/v2\/comments?post=32"}],"version-history":[{"count":1,"href":"https:\/\/lidovaremesla.cz\/web\/wp-json\/wp\/v2\/pages\/32\/revisions"}],"predecessor-version":[{"id":33,"href":"https:\/\/lidovaremesla.cz\/web\/wp-json\/wp\/v2\/pages\/32\/revisions\/33"}],"up":[{"embeddable":true,"href":"https:\/\/lidovaremesla.cz\/web\/wp-json\/wp\/v2\/pages\/22"}],"wp:attachment":[{"href":"https:\/\/lidovaremesla.cz\/web\/wp-json\/wp\/v2\/media?parent=32"}],"curies":[{"name":"wp","href":"https:\/\/api.w.org\/{rel}","templated":true}]}}