{"id":47,"date":"2021-04-13T08:43:15","date_gmt":"2021-04-13T06:43:15","guid":{"rendered":"https:\/\/lidovaremesla.cz\/web\/?page_id=47"},"modified":"2021-04-13T08:43:15","modified_gmt":"2021-04-13T06:43:15","slug":"pravni-ochrana-v-evropske-unii","status":"publish","type":"page","link":"https:\/\/lidovaremesla.cz\/web\/pravni-ochrana-v-evropske-unii\/","title":{"rendered":"Pr\u00e1vn\u00ed ochrana v Evropsk\u00e9 Unii"},"content":{"rendered":"\n<div class=\"wp-block-image\"><figure class=\"alignleft is-resized\"><img decoding=\"async\" src=\"https:\/\/www.lidovaremesla.cz\/img\/Vlajka_EU.jpg\" alt=\"EU\" width=\"-14\" height=\"-9\"\/><\/figure><\/div>\n\n\n\n<p>Aplikacemi \u00damluvy o ochran\u011b sv\u011btov\u00e9ho kulturn\u00edho a p\u0159\u00edrodn\u00edho bohatstv\u00ed (p\u0159ijat\u00e9 Gener\u00e1ln\u00ed konferenc\u00ed UNESCO 3.11.1972 a schv\u00e1len\u00e9 vl\u00e1dou \u010cSFR 16.8.1990) se zab\u00fdval Evropsk\u00fd parlament 16.1.2001 na z\u00e1klad\u011b zpr\u00e1vy \u010dlenky V\u00fdboru pro kulturu, ml\u00e1de\u017e, vzd\u011bl\u00e1n\u00ed, media a sport, Christine de Veyrac.<\/p>\n\n\n\n<p>Rezoluce EP krom\u011b v\u00fdhrad k Seznamu sv\u011btov\u00e9ho kulturn\u00edho d\u011bdictv\u00ed, v n\u011bm\u017e vid\u00ed nadm\u011brn\u00e9 zastoupen\u00ed historick\u00fdch m\u011bst a n\u00e1bo\u017eensk\u00fdch budov v pom\u011bru k ostatn\u00edm kategori\u00edm, a nadm\u011brn\u00e9 zastoupen\u00ed k\u0159es\u0165anstv\u00ed k pom\u011bru k ostatn\u00edm n\u00e1bo\u017eenstv\u00edm, upozor\u0148uje na to, \u017ee pojem d\u011bdictv\u00ed dost\u00e1v\u00e1 \u0161ir\u0161\u00ed v\u00fdznam, co\u017e vede k nutnosti identifikace nov\u00fdch typ\u016f, nap\u0159\u00edklad tov\u00e1rn\u00edch objekt\u016f, stroj\u016f, mizej\u00edc\u00edch \u0159emesel \u010di m\u00edstn\u00edch recept\u016f.<\/p>\n\n\n\n<p>Rezoluce vyz\u00fdv\u00e1 \u010dlensk\u00e9 st\u00e1ty, aby ve spolupr\u00e1ci s Radou Evropy posoudily mo\u017enost vypracov\u00e1n\u00ed syst\u00e9mu klasifikace evropsk\u00e9ho d\u011bdictv\u00ed, kter\u00fd by umo\u017enil identifikovat kulturn\u00ed, jazykov\u00e1 a p\u0159\u00edrodn\u00ed m\u00edsta evropsk\u00e9ho v\u00fdznamu. Z\u00e1rove\u0148 navrhuje zakl\u00e1dat region\u00e1ln\u00ed \u0161kol\u00edc\u00ed st\u0159ediska pro ochranu, uchov\u00e1n\u00ed a podporu tohoto d\u011bdictv\u00ed a zejm\u00e9na podporovat zvy\u0161ov\u00e1n\u00ed pov\u011bdom\u00ed \u017e\u00e1k\u016f \u0161kol o nutnosti uchov\u00e1n\u00ed tohoto d\u011bdictv\u00ed.<\/p>\n\n\n\n<p>Evropsk\u00fd parlament tak\u00e9 vyz\u00fdv\u00e1 Evropskou komisi, aby zjednodu\u0161ila spolupr\u00e1ci Rady Evropy a UNESCO, aby mohla b\u00fdt zauj\u00edm\u00e1na spole\u010dn\u00e1 stanoviska a v r\u00e1mci \u0161kol\u00edc\u00edch program\u016f aby v\u011bnovala zvl\u00e1\u0161tn\u00ed pozornost um\u011bn\u00ed a \u0159emesl\u016fm. Za t\u00edm \u00fa\u010delem by m\u011bla p\u0159ijat praktick\u00e1 opat\u0159en\u00ed, kter\u00e1 by zajistila uchov\u00e1n\u00ed a p\u0159ed\u00e1v\u00e1n\u00ed zanikaj\u00edc\u00edch odboprn\u00fdch dovednost\u00ed p\u0159\u00ed\u0161t\u00edm generac\u00edm.<\/p>\n\n\n\n<p>Pro z\u00e1jemce o podrobn\u011bj\u0161\u00ed studium uv\u00e1d\u00edm, \u017ee uveden\u00e1 zpr\u00e1va EP m\u00e1 \u010d\u00edslo A5-O382\/2000. P\u0159i vyhled\u00e1v\u00e1n\u00ed z registru EP je vhodn\u00e9 zvolit&nbsp;<a href=\"http:\/\/www.europarl.eu.int\/home\/default-cs.htm\">http:\/\/www.europarl.eu.int\/home\/default-cs.htm<\/a>&nbsp;a v \u010d\u00e1sti \u010cinnosti zvolit Plen\u00e1rn\u00ed zased\u00e1n\u00ed, n\u00e1sledn\u011b Zpr\u00e1vy podle p\u0159\u00edslu\u0161n\u00e9ho v\u00fdboru.<\/p>\n","protected":false},"excerpt":{"rendered":"<p>Aplikacemi \u00damluvy o ochran\u011b sv\u011btov\u00e9ho kulturn\u00edho a p\u0159\u00edrodn\u00edho bohatstv\u00ed (p\u0159ijat\u00e9 Gener\u00e1ln\u00ed konferenc\u00ed UNESCO 3.11.1972 a schv\u00e1len\u00e9 vl\u00e1dou \u010cSFR 16.8.1990) se zab\u00fdval Evropsk\u00fd parlament 16.1.2001 na &hellip; <\/p>\n","protected":false},"author":1,"featured_media":0,"parent":0,"menu_order":0,"comment_status":"closed","ping_status":"closed","template":"","meta":{"footnotes":""},"class_list":["post-47","page","type-page","status-publish","hentry"],"_links":{"self":[{"href":"https:\/\/lidovaremesla.cz\/web\/wp-json\/wp\/v2\/pages\/47","targetHints":{"allow":["GET"]}}],"collection":[{"href":"https:\/\/lidovaremesla.cz\/web\/wp-json\/wp\/v2\/pages"}],"about":[{"href":"https:\/\/lidovaremesla.cz\/web\/wp-json\/wp\/v2\/types\/page"}],"author":[{"embeddable":true,"href":"https:\/\/lidovaremesla.cz\/web\/wp-json\/wp\/v2\/users\/1"}],"replies":[{"embeddable":true,"href":"https:\/\/lidovaremesla.cz\/web\/wp-json\/wp\/v2\/comments?post=47"}],"version-history":[{"count":1,"href":"https:\/\/lidovaremesla.cz\/web\/wp-json\/wp\/v2\/pages\/47\/revisions"}],"predecessor-version":[{"id":48,"href":"https:\/\/lidovaremesla.cz\/web\/wp-json\/wp\/v2\/pages\/47\/revisions\/48"}],"wp:attachment":[{"href":"https:\/\/lidovaremesla.cz\/web\/wp-json\/wp\/v2\/media?parent=47"}],"curies":[{"name":"wp","href":"https:\/\/api.w.org\/{rel}","templated":true}]}}