{"id":83,"date":"2021-04-13T09:02:58","date_gmt":"2021-04-13T07:02:58","guid":{"rendered":"https:\/\/lidovaremesla.cz\/web\/?page_id=83"},"modified":"2021-04-13T09:04:52","modified_gmt":"2021-04-13T07:04:52","slug":"estonsko-adresar","status":"publish","type":"page","link":"https:\/\/lidovaremesla.cz\/web\/evropska-federace-remesel\/estonsko-adresar\/","title":{"rendered":"Estonsko &#8211; adres\u00e1\u0159"},"content":{"rendered":"\n<figure class=\"wp-block-image\"><img decoding=\"async\" src=\"https:\/\/www.lidovaremesla.cz\/images\/estonsko.png\" alt=\"Estonko\"\/><\/figure>\n\n\n\n<p>P\u0159ehled o estonsk\u00e9m sdru\u017een\u00ed lidov\u00fdch \u0159emesel a lidov\u00e9ho um\u011bn\u00ed je uveden na adrese&nbsp;<a href=\"http:\/\/www.folkartandcraft.net\/\">www.folkartandcraft.net<\/a><\/p>\n\n\n\n<p>P\u016fvod a c\u00edle organizace<\/p>\n\n\n\n<p><em>Estonsk\u00e9 sdru\u017een\u00ed lidov\u00e9ho um\u011bn\u00ed a \u0159emesel<\/em>&nbsp;bylo zalo\u017eeno roku 1929 za \u00fa\u010delem uchovat estonsk\u00e9 \u0159emeslnick\u00e9 tradice. Podporuje spolupr\u00e1ci mezi \u0159emesln\u00edky, organizuje v\u00fdukov\u00e9 kurzy, poskytuje poradenstv\u00ed a rovn\u011b\u017e organizuje v\u00fdstavy a sout\u011b\u017ee.<\/p>\n\n\n\n<p>V&nbsp;sou\u010dasnosti m\u00e1 organizace pobo\u010dky ve v\u011bt\u0161in\u011b okres\u016f. Spolupracuje s&nbsp;muzei a \u0161kolami, kter\u00e9 \u0159emesl\u016fm vyu\u010duj\u00ed. Vede r\u016fzn\u00e9 d\u00edlny pro ml\u00e1de\u017e. V\u00fduka a poradenstv\u00ed prob\u00edh\u00e1 ve v\u00fdukov\u00e9m centru Sdru\u017een\u00ed.<\/p>\n\n\n\n<figure class=\"wp-block-table\"><table><tbody><tr><th>Adresa:<\/th><td>Eesti kodut\u00f6\u00f6stuse edendamise keskseltsM\u00fc\u00fcrivahe 17Tallinn 10141Estonia<\/td><\/tr><tr><th>Telefon:<\/th><td>+372 6409087<\/td><\/tr><tr><th>Fax:<\/th><td>+372 6314076<\/td><\/tr><tr><th>Email:<\/th><td><a href=\"mailto:info@folkart.ee\">info@folkart.ee<\/a><\/td><\/tr><tr><th>WWW:<\/th><td><a href=\"http:\/\/www.folkart.ee\/\" target=\"_blank\" rel=\"noreferrer noopener\">www.folkart.ee<\/a><\/td><\/tr><\/tbody><\/table><\/figure>\n\n\n\n<p>Ofici\u00e1ln\u00ed str\u00e1nky Estonsk\u00e9ho sdru\u017een\u00ed lidov\u00e9ho um\u011bn\u00ed a \u0159emesel<\/p>\n\n\n\n<p>Na adrese www.folkart.ee, domovsk\u00fdch str\u00e1nk\u00e1ch Estonsk\u00e9ho sdru\u017een\u00ed lidov\u00e9ho um\u011bn\u00ed a \u0159emesel je kr\u00e1tk\u00fd \u010dl\u00e1nek o struktu\u0159e, n\u00e1plni a historii Sdru\u017een\u00ed.<\/p>\n\n\n\n<p>Estonsk\u00e9 Sdru\u017een\u00ed lidov\u00e9ho um\u011bn\u00ed a \u0159emesel bylo zalo\u017eeno roku 1929 za \u00fa\u010delem zachov\u00e1n\u00ed estonsk\u00fdch tradic lidov\u00fdch \u0159emesel. Podporuje spolupr\u00e1ci \u0159emesln\u00edk\u016f, organizujeme v\u00fdukov\u00e9 kurzy, prov\u00e1d\u00ed poradenstv\u00ed a rovn\u011b\u017e organizujeme v\u00fdstavy a sout\u011b\u017ee.<\/p>\n\n\n\n<p>V&nbsp;roce 1934 se Sdru\u017een\u00ed stalo \u010dlenem Unie lidov\u00e9ho um\u011bn\u00ed a \u0159emesel nordick\u00fdch zem\u00ed.<\/p>\n\n\n\n<p>V&nbsp;roce 1936 bylo v&nbsp;Tallinnu otev\u0159eno Muzeum lidov\u00e9 tvorby. Ta \u010d\u00e1st sb\u00edrky, kter\u00e1 nebyla za v\u00e1lky zni\u010dena, je v&nbsp;sou\u010dasnosti ulo\u017eena v&nbsp;prostor\u00e1ch Estonsk\u00e9ho n\u00e1rodn\u00edho muzea.<\/p>\n\n\n\n<p>V&nbsp;roce 1938 vy\u0161el prvn\u00ed \u010dasopis aplikovan\u00e9ho um\u011bn\u00ed a um\u011bn\u00ed do dom\u00e1cnosti, Kodut\u00f6\u00f6stus.<\/p>\n\n\n\n<p>V sou\u010dasnosti Sdru\u017een\u00ed zalo\u017eilo pobo\u010dky ve v\u011bt\u0161in\u011b okres\u016f. Znovu navazuje spolupr\u00e1ci s&nbsp;muzei a \u0161kolami, kter\u00e9 vyu\u010duj\u00ed \u0159emesl\u016fm. Rovn\u011b\u017e zakl\u00e1d\u00e1me r\u016fzn\u00e9 d\u00edlny pro ml\u00e1de\u017e. V\u00fduka a poradenstv\u00ed prob\u00edh\u00e1 ve v\u00fdukov\u00e9m centru Sdru\u017een\u00ed. Znovu zalo\u017eili jsme \u0160kolu mistr\u016f a Poradensk\u00e9 centrum n\u00e1rodn\u00edch kroj\u016f.<\/p>\n\n\n\n<p>Ve\u0159ejnost se seznamuje s&nbsp;d\u00edly na\u0161ich lidov\u00fdch \u0159emesln\u00edk\u016f prost\u0159ednictv\u00edm ka\u017edoro\u010dn\u011b po\u0159\u00e1dan\u00fdch v\u00fdstav a trh\u016f ve v\u011bt\u0161in\u011b okres\u016f. Nejv\u011bt\u0161\u00ed z&nbsp;nich se jmenuje Mardilaat a kon\u00e1 se od roku 1997 p\u0159i talinsk\u00e9m Festivalu p\u00edsn\u00ed. Mnoho nov\u00fdch tradic proch\u00e1z\u00ed f\u00e1z\u00ed v\u00fdvoje, nap\u0159. St\u0159edov\u011bk\u00e9 trhy ve Star\u00e9m M\u011bst\u011b Tallinnu.<\/p>\n\n\n\n<p>Od roku 1996 se \u010dlenov\u00e9 Sdru\u017een\u00ed sch\u00e1z\u00ed ka\u017ed\u00e9 l\u00e9to na tzv. \u0159emeslnick\u00fdch dnech v&nbsp;r\u016fzn\u00fdch m\u00edstech Estonska.<\/p>\n\n\n\n<p>V&nbsp;roce 1994 jsme se stali \u010dleny Evropsk\u00e9 federace lidov\u00e9ho um\u011bn\u00ed a \u0159emesel a nad\u00e1le spolupracujeme s&nbsp;Uni\u00ed lidov\u00e9ho um\u011bn\u00ed a \u0159emesel nordick\u00fdch zem\u00ed.<\/p>\n\n\n\n<figure class=\"wp-block-table\"><table><tbody><tr><th>Adresa:<\/th><td>M\u00fc\u00fcrivahe 17, Tallinn 10140, Estonia<\/td><\/tr><tr><th>Telefon:<\/th><td>372 6&nbsp;604&nbsp;772, Tel\/Fax 372 6&nbsp;314&nbsp;076<\/td><\/tr><tr><th>Email:<\/th><td><a href=\"mailto:info@folkart.ee\">info@folkart.ee<\/a><\/td><\/tr><tr><th>WWW:<\/th><td><a href=\"http:\/\/www.crafts.ee\/\" target=\"_blank\" rel=\"noreferrer noopener\">http:\/\/www.crafts.ee<\/a><\/td><\/tr><\/tbody><\/table><\/figure>\n","protected":false},"excerpt":{"rendered":"<p>P\u0159ehled o estonsk\u00e9m sdru\u017een\u00ed lidov\u00fdch \u0159emesel a lidov\u00e9ho um\u011bn\u00ed je uveden na adrese&nbsp;www.folkartandcraft.net P\u016fvod a c\u00edle organizace Estonsk\u00e9 sdru\u017een\u00ed lidov\u00e9ho um\u011bn\u00ed a \u0159emesel&nbsp;bylo zalo\u017eeno roku &hellip; <\/p>\n","protected":false},"author":1,"featured_media":0,"parent":18,"menu_order":0,"comment_status":"closed","ping_status":"closed","template":"","meta":{"footnotes":""},"class_list":["post-83","page","type-page","status-publish","hentry"],"_links":{"self":[{"href":"https:\/\/lidovaremesla.cz\/web\/wp-json\/wp\/v2\/pages\/83","targetHints":{"allow":["GET"]}}],"collection":[{"href":"https:\/\/lidovaremesla.cz\/web\/wp-json\/wp\/v2\/pages"}],"about":[{"href":"https:\/\/lidovaremesla.cz\/web\/wp-json\/wp\/v2\/types\/page"}],"author":[{"embeddable":true,"href":"https:\/\/lidovaremesla.cz\/web\/wp-json\/wp\/v2\/users\/1"}],"replies":[{"embeddable":true,"href":"https:\/\/lidovaremesla.cz\/web\/wp-json\/wp\/v2\/comments?post=83"}],"version-history":[{"count":1,"href":"https:\/\/lidovaremesla.cz\/web\/wp-json\/wp\/v2\/pages\/83\/revisions"}],"predecessor-version":[{"id":84,"href":"https:\/\/lidovaremesla.cz\/web\/wp-json\/wp\/v2\/pages\/83\/revisions\/84"}],"up":[{"embeddable":true,"href":"https:\/\/lidovaremesla.cz\/web\/wp-json\/wp\/v2\/pages\/18"}],"wp:attachment":[{"href":"https:\/\/lidovaremesla.cz\/web\/wp-json\/wp\/v2\/media?parent=83"}],"curies":[{"name":"wp","href":"https:\/\/api.w.org\/{rel}","templated":true}]}}