{"id":85,"date":"2021-04-13T09:03:38","date_gmt":"2021-04-13T07:03:38","guid":{"rendered":"https:\/\/lidovaremesla.cz\/web\/?page_id=85"},"modified":"2021-04-13T09:05:13","modified_gmt":"2021-04-13T07:05:13","slug":"finsko-historie","status":"publish","type":"page","link":"https:\/\/lidovaremesla.cz\/web\/evropska-federace-remesel\/finsko-historie\/","title":{"rendered":"Finsko &#8211; historie"},"content":{"rendered":"\n<figure class=\"wp-block-image\"><img decoding=\"async\" src=\"https:\/\/www.lidovaremesla.cz\/images\/Finland.gif\" alt=\"Finsko\"\/><\/figure>\n\n\n\n<p>Finsk\u00e1 organizace \u0159emesel a um\u011bn\u00ed<\/p>\n\n\n\n<p>\u0158emesla a um\u011bn\u00ed zauj\u00edmaj\u00ed ve finsk\u00e9 kultu\u0159e d\u016fle\u017eit\u00e9 m\u00edsto. A\u017e dodnes disponujeme \u0161irokou \u0161k\u00e1lou um\u011bn\u00ed ru\u010dn\u00edch prac\u00ed a dovednost\u00ed. Finsk\u00e1 organizace \u0159emesel a um\u011bn\u00ed je dob\u0159e zaveden\u00e1 a m\u00e1 \u0161irokou z\u00e1kladnu v\u00fduky um\u011bn\u00ed a ru\u010dn\u00edch \u0159emesel. Nicm\u00e9n\u011b bychom zachov\u00e1n\u00ed a nav\u00e1z\u00e1n\u00ed na v\u00fdvoj na\u0161eho kulturn\u00edho d\u011bdictv\u00ed nem\u011bli pokl\u00e1dat za samoz\u0159ejmost.<\/p>\n\n\n\n<p>Finsk\u00e1 organizace \u0159emesel a um\u011bn\u00ed nab\u00edz\u00ed ve\u0159ejnosti \u0161irokou \u0161k\u00e1lu mo\u017enost\u00ed kultivace jej\u00ed manu\u00e1ln\u00ed dovednosti. T\u00edmto \u00fast\u0159edn\u00edm c\u00edlem Organizace je podpora finsk\u00fdch \u0159emesel, stejn\u011b jako um\u011bleck\u00e9ho \u017eivobyt\u00ed a kultury. Jej\u00ed p\u0159edn\u00ed vlastnosti zahrnuj\u00ed celon\u00e1rodn\u00ed s\u00ed\u0165 \u0159emesln\u00fdch center a dob\u0159e vycvi\u010den\u00fd \u0161t\u00e1b.<\/p>\n\n\n\n<p>Organizace m\u00e1 asi 200 center nap\u0159\u00ed\u010d cel\u00fdm Finskem. 10 specializovan\u00fdch center \u0159emesel a um\u011bn\u00ed slou\u017e\u00ed jako m\u00edsto setk\u00e1n\u00ed nab\u00edzej\u00edc\u00ed \u0161irokou \u0161k\u00e1lu slu\u017eeb v\u010detn\u011b v\u00fdstavn\u00edch galeri\u00ed, obchodn\u00edch m\u00edst, kurz\u016f a workshop\u016f. Centra ru\u010dn\u00edch prac\u00ed (\u010d\u00edtaj\u00edc\u00ed t\u011bsn\u011b pod 200) jsou krajsk\u00fdmi samospr\u00e1vami zalo\u017een\u00e9 centra slu\u017eeb nab\u00edzej\u00edc\u00ed kurzy, pracovn\u00ed prost\u0159ed\u00ed pro \u0159emesln\u00edky a prodejn\u00ed m\u00edsta, kde lze koupit um\u011bleck\u00e9 pot\u0159eby nebo hotov\u00e9 produkty.<\/p>\n\n\n\n<p>Projekt turismu<\/p>\n\n\n\n<p>Projekt turismu Finsk\u00e9 organizace \u0159emesel a um\u011bn\u00ed (1993-94) m\u00e1 za \u00fa\u010del pos\u00edlit slu\u017eby cestovn\u00edho ruchu v&nbsp;zemi a zd\u016fraznit n\u00e1hled organizace na Finsko coby centrum lidov\u00fdch \u0159emesel. Projekt p\u0159edstavuje zahrani\u010dn\u00edm i finsk\u00fdm turist\u016fm \u00favod do finsk\u00e9 tradice ru\u010dn\u00edch \u0159emesel. Projekt nab\u00edz\u00ed mo\u017enost vyzkou\u0161et si radost z&nbsp;pr\u00e1ce vlastn\u00edma rukama, u\u010den\u00ed se nov\u00fdm v\u011bcem a \u00fa\u010dasti na kreativn\u00edm procesu.<\/p>\n\n\n\n<p>Projekt turismu pracuje na t\u0159ech \u00farovn\u00edch: n\u00e1rodn\u00ed (centr\u00e1ln\u00ed organizace), region\u00e1ln\u00ed (sdru\u017een\u00ed \u0159emesel a um\u011bn\u00ed) a lok\u00e1ln\u00ed (centra \u0159emesel a centra \u0159emesel a um\u011bn\u00ed). Projekt je financov\u00e1n p\u0159edev\u0161\u00edm Rural policy Council (region\u00e1ln\u00ed \u017eivnostensk\u00e1 rada), kter\u00e1 je poz\u016fstatkem ministerstva pr\u016fmyslu a obchodu.<\/p>\n\n\n\n<p>Projekt turismu pokra\u010duje podle 2-let\u00e9ho pl\u00e1nu akce. Na n\u00e1rodn\u00ed \u00farovni spolupracuj\u00ed organiz\u00e1to\u0159i projektu s&nbsp;n\u00e1rodn\u00edmi organizacemi cestovn\u00edho ruchu, na region\u00e1ln\u00ed a lok\u00e1ln\u00ed \u00farovni s&nbsp;region\u00e1ln\u00edmi a lok\u00e1ln\u00edmi organizacemi. \u00da\u010dastn\u00edci projektu podstupuj\u00ed v\u00fdcvik v&nbsp;cestovn\u00edm ruchu. Jako sou\u010d\u00e1st informa\u010dn\u00edch a marketingov\u00fdch postup\u016f projektu vydalo 40 \u00fa\u010dastn\u00edk\u016f v\u00e1zanou bro\u017euru:<\/p>\n\n\n\n<p>Ruce pracuj\u00ed i na dovolen\u00e9<\/p>\n\n\n\n<p>&#8222;Lze si zku\u0161enost z&nbsp;dovolen\u00e9 schovat, rozebrat nebo vystavit? M\u016f\u017eeme ji schovat do materi\u00e1lu nebo pono\u0159it do barev?&#8220; Odpov\u011b\u010f zn\u00ed ano. Projekt turismu Finsk\u00e9 organizace \u0159emesel a um\u011bn\u00ed nab\u00edz\u00ed vzru\u0161uj\u00edc\u00ed nov\u00e9 zku\u0161enosti a alternativy v\u0161em turist\u016fm.<\/p>\n\n\n\n<p>Pro turisty se z\u00e1jmem o kulturu a aktivitu je dovolen\u00e1 zahrnuj\u00edc\u00ed \u0159emeslnick\u00e9 pr\u00e1ce pravd\u011bpodobn\u011b nejp\u0159\u00edzniv\u011bj\u0161\u00ed alternativou, proto\u017ee jim poskytuje nejv\u011bt\u0161\u00ed uspokojen\u00ed z&nbsp;pocitu, \u017ee sv\u016fj \u010das vyu\u017eili nejlep\u0161\u00edm mo\u017en\u00fdm zp\u016fsobem. Takov\u00e1to dovolen\u00e1 V\u00e1m nab\u00edz\u00ed kontakt s&nbsp;materi\u00e1ly a du\u0161evn\u011b osv\u011b\u017euj\u00edc\u00ed pocit, \u017ee jste n\u011bco vytvo\u0159ili vlastn\u00edma rukama. Dovolen\u00e9 zahrnuj\u00edc\u00ed \u0159emeslnick\u00e9 aktivity slou\u017e\u00ed jako v\u00edtan\u00fd protiklad ka\u017edodenn\u00edmu stresu. Takov\u00e1to dovolen\u00e1 V\u00e1m d\u00e1v\u00e1 mo\u017enost se sezn\u00e1mit s&nbsp;jedine\u010dnou tradic\u00ed finsk\u00e9ho \u0159emesla a s&nbsp;n\u00edm spojen\u00fdmi dovednostmi. Demonstrace zru\u010dnosti, prohl\u00eddky a kurzy mohou turisty sezn\u00e1mit s&nbsp;r\u016fzn\u00fdmi materi\u00e1ly, zp\u016fsoby jejich opracov\u00e1n\u00ed a historie, kter\u00e1 se za doty\u010dn\u00fdmi produkty ukr\u00fdv\u00e1, a sezn\u00e1m\u00ed je s&nbsp;modern\u00ed tvorbou a modern\u00edmi metodami.<\/p>\n\n\n\n<p>Turist\u016fm rovn\u011b\u017e nab\u00edz\u00edme aktivn\u00ed dovolenou s&nbsp;kurzy trvaj\u00edc\u00ed n\u011bkolik hodin a\u017e po kurzy celodenn\u00ed. Jejich n\u00e1m\u011bty se mohou r\u016fznit od pleten\u00ed, tkan\u00ed, keramiky a\u017e ke zpracov\u00e1n\u00ed d\u0159eva; potisku textili\u00ed, barven\u00ed, tkan\u00ed nebo i pr\u00e1ce s&nbsp;jelenicemi. Kurzy poskytuj\u00ed \u00fa\u010dastn\u00edk\u016fm konkr\u00e9tn\u00ed vzpom\u00ednky a poskytuj\u00ed jim p\u0159\u00edle\u017eitost vytvo\u0159it si sami sv\u00e9 nejzaj\u00edmav\u011bj\u0161\u00ed suven\u00fdry.<\/p>\n\n\n\n<p>Dovolen\u00e9 zahrnuj\u00edc\u00ed ru\u010dn\u00ed pr\u00e1ce s&nbsp;jejich mnoha alternativami jsou vhodn\u00e9 pro finsk\u00e9 i zahrani\u010dn\u00ed cestovn\u00ed kancel\u00e1\u0159e. M\u016f\u017ee se jich \u00fa\u010dastnit kdokoli, \u017eeny, mu\u017ei i d\u011bti, a to a\u0165 u\u017e sami, tak i v&nbsp;rodin\u00e1ch \u010di skupin\u00e1ch. Takov\u00e1to dovolen\u00e1 naskytuje p\u0159\u00edle\u017eitost roz\u0161\u00ed\u0159it ji\u017e existuj\u00edc\u00ed dovednosti nebo objevit, jak m\u016f\u017ee b\u00fdt fascinuj\u00edc\u00ed se n\u011bco nov\u00e9ho nau\u010dit. Mohl by se z&nbsp;toho vyvinout po\u010d\u00e1tek nov\u00e9ho zaj\u00edmav\u00e9ho kon\u00ed\u010dka nebo po\u010d\u00e1tek nov\u00e9ho \u017eivota.<\/p>\n\n\n\n<p>Nab\u00edzen\u00e9 p\u0159edm\u011bty se mohou m\u00edsto od m\u00edsta r\u016fznit. N\u011bkter\u00e1 centra t\u011bchto aktivit \u00fa\u010dastn\u00edc\u00ed se tohoto projektu tak\u00e9 nab\u00edz\u00ed bal\u00ed\u010dky bu\u010f samostatn\u011b nebo ve spojen\u00ed s&nbsp;turistick\u00fdmi organizacemi dan\u00e9ho regionu.. N\u011bkter\u00e1 centra vynikaj\u00ed v&nbsp;keramice, potisku textili\u00ed nebo tesa\u0159stv\u00ed, jin\u00e9 se specializuj\u00ed na finskou vlnu, krajku, n\u00e1rodn\u00ed kroje, barven\u00ed hedv\u00e1bn\u00fdch \u0161\u00e1tk\u016f nebo n\u011bjak\u00fd jin\u00fd speci\u00e1ln\u00ed obor. \u0158emeslnick\u00e1 dovolen\u00e1 nab\u00edz\u00ed \u0161irok\u00e9 spektrum dovolen\u00fdch. A toto spektrum podl\u00e9h\u00e1 neust\u00e1l\u00e9mu v\u00fdvoji. Na z\u00e1klad\u011b dohody si m\u016f\u017ee skupina objednat p\u0159edv\u00e1d\u011bn\u00ed uk\u00e1zek zru\u010dnost\u00ed v&nbsp;kurzech je\u0161t\u011b nav\u00edc k&nbsp;nab\u00edzen\u00e9mu rozsahu programu.<\/p>\n\n\n\n<p>Pro dal\u0161\u00ed informace:Marjaleena Myntti, informa\u010dn\u00ed mana\u017eerkaTel.: 358-0-6941434Fax: 358-0-6940067<\/p>\n\n\n\n<p>Pr\u00e1ce prost\u0159ednictv\u00edm v\u00fdvoje produkt\u016e<\/p>\n\n\n\n<p><strong>Projekt produkt a pr\u00e1ce, 1993 &#8211; 1995<\/strong><\/p>\n\n\n\n<p>C\u00edlem projektu Produkt a pr\u00e1ce organizovan\u00e9ho Finskou organizac\u00ed \u0159emesel a um\u011bn\u00ed je vytvo\u0159it nov\u00e9 specificky lok\u00e1ln\u00ed produkty pro trh a t\u00edm p\u00e1dem pomoci vytvo\u0159it nov\u00e9 pracovn\u00ed p\u0159\u00edle\u017eitosti pro mlad\u00e9 lidi vych\u00e1zej\u00edc\u00ed z &nbsp;pr\u016fmyslov\u00fdch \u0161kol.<\/p>\n\n\n\n<p>Projekt zam\u011bstn\u00e1v\u00e1 sedm pracovn\u00edch skupin v&nbsp;r\u016fzn\u00fdch \u010d\u00e1stech zem\u011b s&nbsp;p\u0159edstaviteli r\u016fzn\u00fdch institut\u016f a sdru\u017een\u00ed \u0159emesel a um\u011bn\u00ed, kter\u00e9 spolupracuj\u00ed spole\u010dn\u011b s&nbsp;experty na v\u00fdvoji produkt\u016f a metod produkce, kter\u00e9 umo\u017en\u00ed mlad\u00fdm absolvent\u016fm nal\u00e9zti pr\u00e1ci ihned po ukon\u010den\u00ed studi\u00ed. Vyv\u00edj\u00ed se zna\u010dn\u00e9 \u00fasil\u00ed na vytvo\u0159en\u00ed produk\u010dn\u00edch \u0159et\u011bzc\u016f, aby se na z\u00e1klad\u011b spolupr\u00e1ce dalo podnikat.<\/p>\n\n\n\n<p><strong>Pilotn\u00ed projekty v&nbsp;Mikkeli a Heinole<\/strong><\/p>\n\n\n\n<p>Projekt v&nbsp;Mikkeli byl spu\u0161t\u011bn na ja\u0159e roku 1993. Po\u010d\u00e1te\u010dn\u00ed iniciaci v\u00fdvoje tohoto produktu zp\u016fsobily p\u0159edev\u0161\u00edm pot\u0159eby aktivit pro voln\u00fd \u010das zejm\u00e9na na jeze\u0159e Saimaa. Obr\u00e1b\u011bn\u00e9 kovy se nejprve na zkou\u0161ku prod\u00e1valy na v\u00e1no\u010dn\u00edm trhu v&nbsp;Kenk\u00e4vero a v&nbsp;obchodu v&nbsp;centru Mikkeli. Povzbudiv\u00e9 v\u00fdsledky t\u011bchto pilotn\u00edch projekt\u016f p\u0159im\u011bly skupiny, aby pokra\u010dovaly jejich pr\u00e1ci na v\u00fdvoji a nov\u00e1 \u0159ada produkt\u016f byla p\u0159ipravena k&nbsp;prodeji ji\u017e v&nbsp;l\u00e9t\u011b.<\/p>\n\n\n\n<p>Skupina pracuj\u00edc\u00ed na Institutu \u0159emesel a um\u011bn\u00ed v&nbsp;Heinole se soust\u0159edila na tvorbu mini-sk\u0159\u00edn\u011bk z&nbsp;r\u016fzn\u00fdch druh\u016f d\u0159eva. Jejich testovac\u00ed p\u0159edv\u00e1no\u010dn\u00ed prodej v&nbsp;helsinsk\u00e9m obchod\u011b \u0159emesel a um\u011bn\u00ed Helsky p\u0159im\u011bl \u010dleny skupiny, aby vytvo\u0159ili novou \u0159adu mini-produkt\u016f v&nbsp;podobn\u00e9m stylu.<\/p>\n\n\n\n<p><strong>Sedm region\u00e1ln\u00edch skupin<\/strong><\/p>\n\n\n\n<p>Ostatn\u00ed skupiny projektu Produkt a pr\u00e1ce pokra\u010duj\u00ed v&nbsp;podobn\u00e9m stylu, i kdy\u017e jsou o rok pozadu za prvn\u00edmi dv\u011bma skupinami. Skupina v&nbsp;Satakunt\u011b navrhuje kabely, laponsk\u00e9 cestovn\u00ed suven\u00fdry na mytologick\u00e1 t\u00e9mata, speci\u00e1ln\u00ed kroje, vln\u011bn\u00e9 n\u00e1st\u011bnn\u00e9 z\u00e1v\u011bsy z&nbsp;centr\u00e1ln\u00ed Ostrobothnie a kajaansk\u00e9 d\u0159ev\u011bn\u00e9 p\u0159\u00edbory.<\/p>\n\n\n\n<p><strong>Spolupr\u00e1ce<\/strong><\/p>\n\n\n\n<p>Projekt financuje ministerstvo pr\u016fmyslu a obchodu. Dal\u0161\u00ed partne\u0159i, kte\u0159\u00ed spolupracuj\u00ed, jsou ministerstvo pr\u00e1ce, N\u00e1rodn\u00ed p\u0159edstavenstvo vzd\u011bl\u00e1n\u00ed, F\u00f3rum n\u00e1vrh\u00e1\u0159\u016f a Tampersk\u00e9 vysok\u00e9 u\u010den\u00ed technick\u00e9. Mana\u017eersk\u00e1 skupina zahrnuje p\u0159edstavitele institut\u016f \u0159emesel a um\u011bn\u00ed.<\/p>\n\n\n\n<p>Dal\u0161\u00ed informace:Nea Pitk\u00e4nen, Vedouc\u00ed projektu Produkt a pr\u00e1ceTel.: 358-0-6851584Fax: 358-0-6940067<\/p>\n\n\n\n<p>\u0158emesla a um\u011bn\u00ed v z\u00e1kladn\u00edm vzd\u011bl\u00e1n\u00ed ve finsk\u00e9 organizaci \u0159emesel a um\u011bn\u00ed<\/p>\n\n\n\n<p>Z\u00e1kladn\u00ed um\u011bleck\u00e9 vzd\u011bl\u00e1n\u00ed se skl\u00e1d\u00e1 z&nbsp;c\u00edlen\u00e9 ka\u017edoro\u010dn\u00ed v\u00fduky p\u0159edev\u0161\u00edm d\u011bt\u00ed a ml\u00e1de\u017ee v&nbsp;r\u016fzn\u00fdch oborech um\u011bn\u00ed. Z\u00e1kladn\u00ed um\u011bleck\u00e9 vzd\u011bl\u00e1n\u00ed nen\u00ed jen p\u0159edm\u011btem Osnov z\u00e1kladn\u00edho vzd\u011bl\u00e1v\u00e1n\u00ed v&nbsp;um\u011bn\u00ed (1992), ale i region\u00e1ln\u00edch program\u016f, schv\u00e1len\u00fdch N\u00e1rodn\u00edm p\u0159edstavenstvem pro vzd\u011bl\u00e1n\u00ed. Krom\u011b b\u011b\u017en\u00e9ho \u0161koln\u00edho sylabu poskytujeme z\u00e1kladn\u00ed vzd\u011bl\u00e1n\u00ed v&nbsp;um\u011bn\u00ed, tj. vizu\u00e1ln\u00edm um\u011bn\u00ed, hudb\u011b, literatu\u0159e, cirkusu, tanci, divadle, filmu a videu. Posledn\u00edm schv\u00e1len\u00fdm region\u00e1ln\u00edm programem v&nbsp;sektoru um\u011bn\u00ed je architektura.<\/p>\n\n\n\n<p>Z\u00e1kladn\u00ed vzd\u011bl\u00e1n\u00ed v&nbsp;um\u011bn\u00ed podporuje v\u00fdvoj osobnosti d\u00edt\u011bte nebo mlad\u00e9ho \u010dlov\u011bka a jejich estetickou schopnost rozhodovat se a z\u00edskat schopnosti se vyjad\u0159ovat. Povzbuzuje kreativn\u00ed \u0159e\u0161en\u00ed probl\u00e9m\u016f v&nbsp;procesu navrhov\u00e1n\u00ed a v\u00fdroby. Hojnost materi\u00e1l\u016f a technik umo\u017e\u0148uje, aby se v\u00fduka sdru\u017eovala do skupin podle r\u016fzn\u00fdch t\u00e9mat a u\u017eit\u00ed r\u016fzn\u00fdch p\u0159\u00edstup\u016f, kter\u00e9 se pak prob\u00edraj\u00ed funk\u010dn\u00edm a srozumiteln\u00fdm zp\u016fsobem. \u017d\u00e1k se u\u010d\u00ed skrze vlastn\u00ed smyslovou percepci, osobn\u00ed zku\u0161enost, v\u00fdzkum a sebevyjad\u0159ov\u00e1n\u00ed.<\/p>\n\n\n\n<p>Tento obecn\u00fd c\u00edl vzd\u011bl\u00e1n\u00ed m\u00e1 podpo\u0159it schopnost d\u011bt\u00ed \u010di ml\u00e1de\u017ee \u010dinit estetick\u00e1 rozhodnut\u00ed, zlep\u0161it sv\u00e9 pozorovac\u00ed schopnosti, soci\u00e1ln\u00ed a motorick\u00e9 dovednosti a povzbuzovat v\u0161estrann\u00e9 vyj\u00e1d\u0159en\u00ed sv\u00e9ho talentu. Z\u00e1kladn\u00ed vzd\u011bl\u00e1n\u00ed v&nbsp;um\u011bn\u00ed nejen, \u017ee umo\u017e\u0148uje student\u016fm pracovat samostatn\u011b a experimentovat s&nbsp;rozli\u010dn\u00fdmi v\u011btvemi um\u011bn\u00ed, ale z\u00e1rove\u0148 je povzbuzuje, aby vyhled\u00e1vali v\u00fduku na \u00farovni st\u0159edn\u00edch pr\u016fmyslov\u00fdch \u0161kol nebo univerzit v&nbsp;oboru um\u011bn\u00ed a \u0159emesel.<\/p>\n\n\n\n<p>Vzd\u011bl\u00e1n\u00ed se rozd\u011bluje do p\u0159\u00edpravn\u00fdch, z\u00e1kladn\u00edch a navazuj\u00edc\u00edch studi\u00ed. D\u00edt\u011b m\u016f\u017ee p\u0159\u00edpravn\u00e9 vzd\u011bl\u00e1n\u00ed za\u010d\u00edt ji\u017e ve \u010dty\u0159ech letech a kurzy trvaj\u00ed jeden a\u017e t\u0159i roky. Minim\u00e1ln\u00ed po\u010det hodin za rok je 60. V&nbsp;sedmi letech se m\u016f\u017ee d\u00edt\u011b posunout do z\u00e1kladn\u00edho studia, kter\u00e9 trv\u00e1 dva a\u017e \u010dty\u0159i roky (s minimem 60 hodin ro\u010dn\u011b). V\u00fduka se rozd\u011bluje na podzimn\u00ed a jarn\u00ed semestr, s&nbsp;dv\u011bma a\u017e t\u0159emi hodinami t\u00fddn\u011b. Za \u00fa\u010dast na kurzech obdr\u017e\u00ed studenti certifik\u00e1t, p\u0159i\u010dem\u017e sami hrad\u00ed materi\u00e1ly a poplatky za \u00fa\u010dast.<\/p>\n\n\n\n<p>Finsk\u00e1 organizace \u0159emesel a um\u011bn\u00ed se spolupod\u00edlela na uveden\u00ed experimentu t\u00fdkaj\u00edc\u00edho se z\u00e1kladn\u00edho vzd\u011bl\u00e1n\u00ed v&nbsp;\u0159emeslech v&nbsp;roce 1989, kdy byly zalo\u017eeny prvn\u00ed \u0159emeslnick\u00e9 \u0161koly pro d\u011bti a ml\u00e1de\u017e jako sou\u010d\u00e1st asociac\u00ed \u0159emesel a um\u011bn\u00ed. Tyto um\u011bleck\u00e9 \u0161koly se staly tak popul\u00e1rn\u00ed, \u017ee byla p\u0159ijata pouze mal\u00e1 \u010d\u00e1st uchaze\u010d\u016f. 21 asociac\u00ed \u0159emesel a um\u011bn\u00ed nyn\u00ed vede 150 skupin \u0159emeslnick\u00fdch \u0161kol, z&nbsp;nich\u017e m\u00e1 50 ofici\u00e1ln\u00ed status ve sf\u00e9\u0159e z\u00e1kladn\u00edho um\u011bleck\u00e9ho vzd\u011bl\u00e1n\u00ed v&nbsp;m\u00edstn\u00edch samospr\u00e1v\u00e1ch a maj\u00ed t\u00edm p\u00e1dem n\u00e1rok na st\u00e1tn\u00ed p\u0159\u00edsp\u011bvky. Z\u00e1kladn\u00ed \u0159emeslnickou v\u00fduku rovn\u011b\u017e nab\u00edz\u00ed i centra vzd\u011bl\u00e1n\u00ed pro dosp\u011bl\u00e9. V&nbsp;sou\u010dasnosti na um\u011bleck\u00fdch \u0161kol\u00e1ch studuje 3000 d\u011bt\u00ed a mlad\u00fdch lid\u00ed.<\/p>\n\n\n\n<p>Z\u00e1kladn\u00ed um\u011bleckou v\u00fduku prov\u00e1d\u00ed kvalifikovan\u00ed instrukto\u0159i a u\u010ditel\u00e9, kter\u00fdm se dostalo vzd\u011bl\u00e1n\u00ed v&nbsp;oboru. Studenti se \u00fa\u010dastn\u00ed pl\u00e1nov\u00e1n\u00ed v\u00fduky, kde se klade zvl\u00e1\u0161tn\u00ed d\u016fraz na lok\u00e1ln\u00ed vlastnosti a zdroje. Spolupr\u00e1ce s&nbsp;dal\u0161\u00edmi institucemi vzd\u011bl\u00e1n\u00ed umo\u017e\u0148uje integraci v\u00fduky s&nbsp;dal\u0161\u00edmi um\u011bleck\u00fdmi v\u011btvemi, tj vizu\u00e1ln\u00edm um\u011bn\u00edm nebo architekturou, a to sd\u00edlen\u00edm u\u010ditelstva.<\/p>\n\n\n\n<p>\u0158emesln\u00e1 pr\u00e1ce nejen, \u017ee hraje d\u016fle\u017eitou roli ve v\u00fdvoji d\u011bt\u00ed a ml\u00e1de\u017ee, kte\u0159\u00ed se t\u011bchto aktivit \u00fa\u010dastn\u00ed, ale tak\u00e9 m\u00e1 velk\u00fd v\u00fdznam pro finskou spole\u010dnost jako celek. Pochopen\u00ed kultury a p\u0159\u00edrody, c\u00edt\u011bn\u00ed a kreativita, kter\u00e9 jsou v\u0161echny \u00fazce spojeny s&nbsp;ru\u010dn\u00ed prac\u00ed napom\u00e1haj\u00ed udr\u017eovat a zdokonalovat finsk\u00fd materi\u00e1l a kulturu \u017eivotn\u00edho prost\u0159ed\u00ed a podporuj\u00ed schopnost pochopit a pat\u0159i\u010dn\u011b uznat r\u016fzn\u00e9 kultury.<\/p>\n\n\n\n<p>Dal\u0161\u00ed informace:Kirsti Kes\u00e4l\u00e4-Lundahl, mana\u017eerka v\u00fdukyTel.:358-0-6941747Fax: 358-0-6940067<\/p>\n\n\n\n<p>Pl\u00e1novan\u00e1 reklama \u010dasopisu TAITO-lehti<\/p>\n\n\n\n<p>Od roku 1907 bylo ve Finsku TAITO-lehti hlavn\u00edm specializovan\u00fdm \u010dasopisem pro um\u011bn\u00ed a \u0159emesla. Tento kvalitn\u00ed magaz\u00edn, zab\u00fdvaj\u00edc\u00ed se \u0159emesly, nab\u00edz\u00ed \u0161irokou \u0161k\u00e1lu \u010dl\u00e1nk\u016f poskytuj\u00edc\u00edch n\u00e1hled do minulosti i sou\u010dasnosti finsk\u00fdch i mezin\u00e1rodn\u00edch um\u011bn\u00ed a \u0159emesel. Prezentace a reklama \u0159emesln\u00edk\u016f a jejich aktivit je jedn\u00edm z&nbsp;\u00fast\u0159edn\u00edch c\u00edl\u016f magaz\u00ednu. \u010casopis rovn\u011b\u017e vyd\u00e1v\u00e1 kvalitn\u00ed dopl\u0148ky k&nbsp;vzor\u016fm a instrukce. V\u011btev um\u011bn\u00ed a \u0159emesel m\u00e1 velkou snahu naj\u00edt sebe sama a ostatn\u00edm poskytovat informace o efektech, jak\u00e9 bude m\u00edt evropsk\u00e1 integrace na finsk\u00e9 um\u011bn\u00ed a \u0159emesla a mo\u017enosti, kter\u00e9 budou m\u00edt v&nbsp;budoucnosti fin\u0161t\u00ed um\u011blci. Zat\u00edm d\u00edky omezen\u00fdm zdroj\u016fm neudr\u017euje \u010dasopis TAITO-lehti p\u0159\u00edli\u0161 aktivn\u00ed mezin\u00e1rodn\u00ed profil. Ale \u010dasy se m\u011bn\u00ed a orientace k&nbsp;dal\u0161\u00edm zem\u00edm se stala nezbytnou jak z&nbsp;kulturn\u00edho, tak z&nbsp;profesn\u00edho hlediska.<\/p>\n\n\n\n<p>C\u00edlem magaz\u00ednu TAITO-lehti je nal\u00e9zt evropsk\u00e9 korespondenty, kte\u0159\u00ed se specializuj\u00ed na um\u011bn\u00ed a \u0159emesla v&nbsp;rozsahu roku 1994. Magaz\u00edn se ji\u017e p\u0159ihl\u00e1sil o st\u00e1tn\u00ed podporu za informace t\u00fdkaj\u00edc\u00ed se evropsk\u00e9 integrace. Sv\u00fdm \u010dten\u00e1\u0159\u016fm rad\u00ed ohledn\u011b prospekt\u016f na export a konkurenceschopnost finsk\u00fdch um\u011bleck\u00fdch a \u0159emesln\u00fdch produkt\u016f.<\/p>\n","protected":false},"excerpt":{"rendered":"<p>Finsk\u00e1 organizace \u0159emesel a um\u011bn\u00ed \u0158emesla a um\u011bn\u00ed zauj\u00edmaj\u00ed ve finsk\u00e9 kultu\u0159e d\u016fle\u017eit\u00e9 m\u00edsto. A\u017e dodnes disponujeme \u0161irokou \u0161k\u00e1lou um\u011bn\u00ed ru\u010dn\u00edch prac\u00ed a dovednost\u00ed. Finsk\u00e1 &hellip; <\/p>\n","protected":false},"author":1,"featured_media":0,"parent":18,"menu_order":0,"comment_status":"closed","ping_status":"closed","template":"","meta":{"footnotes":""},"class_list":["post-85","page","type-page","status-publish","hentry"],"_links":{"self":[{"href":"https:\/\/lidovaremesla.cz\/web\/wp-json\/wp\/v2\/pages\/85","targetHints":{"allow":["GET"]}}],"collection":[{"href":"https:\/\/lidovaremesla.cz\/web\/wp-json\/wp\/v2\/pages"}],"about":[{"href":"https:\/\/lidovaremesla.cz\/web\/wp-json\/wp\/v2\/types\/page"}],"author":[{"embeddable":true,"href":"https:\/\/lidovaremesla.cz\/web\/wp-json\/wp\/v2\/users\/1"}],"replies":[{"embeddable":true,"href":"https:\/\/lidovaremesla.cz\/web\/wp-json\/wp\/v2\/comments?post=85"}],"version-history":[{"count":1,"href":"https:\/\/lidovaremesla.cz\/web\/wp-json\/wp\/v2\/pages\/85\/revisions"}],"predecessor-version":[{"id":86,"href":"https:\/\/lidovaremesla.cz\/web\/wp-json\/wp\/v2\/pages\/85\/revisions\/86"}],"up":[{"embeddable":true,"href":"https:\/\/lidovaremesla.cz\/web\/wp-json\/wp\/v2\/pages\/18"}],"wp:attachment":[{"href":"https:\/\/lidovaremesla.cz\/web\/wp-json\/wp\/v2\/media?parent=85"}],"curies":[{"name":"wp","href":"https:\/\/api.w.org\/{rel}","templated":true}]}}